{"id":19,"date":"2013-02-11T12:31:16","date_gmt":"2013-02-11T14:31:16","guid":{"rendered":"http:\/\/www.paroquiasaocristovao.net\/?page_id=19"},"modified":"2025-12-07T10:26:25","modified_gmt":"2025-12-07T12:26:25","slug":"tetse","status":"publish","type":"page","link":"https:\/\/www.paroquiasaocristovao.net\/","title":{"rendered":"Acesso r\u00e1pido:"},"content":{"rendered":"<p><iframe loading=\"lazy\" width=\"560\" height=\"315\" src=\"https:\/\/www.youtube.com\/embed\/2BX9aoHfsO8?si=485ar_rq3GhXeGxw\" title=\"YouTube video player\" frameborder=\"0\" allow=\"accelerometer; autoplay; clipboard-write; encrypted-media; gyroscope; picture-in-picture; web-share\" referrerpolicy=\"strict-origin-when-cross-origin\" allowfullscreen><\/iframe><br \/>\n&nbsp;<\/p>\n<h4 style=\"text-align: center;\"><a href=\"http:\/\/www.paroquiasaocristovao.net\/?page_id=121\" target=\"_blank\" rel=\"noopener\">Hor\u00e1rio das Missas<\/a>\u00a0(clique aqui)<\/h4>\n<p>&nbsp;<\/p>\n<p><a href=\"http:\/\/www.paroquiasaocristovao.net\/?cat=227\" target=\"_blank\" rel=\"noopener\"><img loading=\"lazy\" decoding=\"async\" class=\"alignnone\" title=\"Assista a missa!\" src=\"http:\/\/www.paroquiasaocristovao.net\/wp-content\/uploads\/2013\/02\/missas1.jpg\" alt=\"Assista as Missas\" width=\"51\" height=\"58\" \/><\/a>\u00a0\u00a0\u00a0<a href=\"http:\/\/www.paroquiasaocristovao.net\/?page_id=139\"><img loading=\"lazy\" decoding=\"async\" class=\"alignnone\" title=\"DOM BOSCO - Saiba mais!\" src=\"http:\/\/www.paroquiasaocristovao.net\/wp-content\/uploads\/2013\/02\/DomBosco1.jpg\" alt=\"DomBosco1\" width=\"63\" height=\"68\" \/><\/a>\u00a0\u00a0\u00a0\u00a0\u00a0\u00a0<a href=\"http:\/\/www.paroquiasaocristovao.net\/?page_id=2375\"><img loading=\"lazy\" decoding=\"async\" class=\"alignnone\" title=\"S\u00e3o Crist\u00f3v\u00e3o - saiba mais, clique aqui!\" src=\"http:\/\/www.paroquiasaocristovao.net\/wp-content\/uploads\/2013\/02\/saocristovao2.jpg\" alt=\"saocristovao2\" width=\"65\" height=\"69\" \/><\/a><a href=\"http:\/\/www.paroquiasaocristovao.net\/?cat=23\"><img loading=\"lazy\" decoding=\"async\" class=\"alignnone wp-image-7907\" title=\"Todas quanto Publica\u00e7\u00f5es do Movimento de Irm\u00e3os\" src=\"http:\/\/www.paroquiasaocristovao.net\/wp-content\/uploads\/2014\/10\/mipeq.jpg\" alt=\"mipeq\" width=\"45\" height=\"68\" \/><\/a><\/p>\n<p style=\"text-align: center;\"><a href=\"http:\/\/www.paroquiasaocristovao.net\/?page_id=2375\"><img loading=\"lazy\" decoding=\"async\" src=\"http:\/\/www.paroquiasaocristovao.net\/wp-content\/uploads\/2013\/02\/linha-150x10.jpg\" alt=\"\" width=\"150\" height=\"10\" \/><\/a><\/p>\n<p style=\"text-align: center;\"><a style=\"color: #743399;\" href=\"http:\/\/www.paroquiasaocristovao.net\/?page_id=99\"><img loading=\"lazy\" decoding=\"async\" class=\"alignleft wp-image-9617 size-full\" style=\"color: #444444;\" title=\"Inf\u00e2ncia Mission\u00e1ria - Par\u00f3quia S\u00e3o Crist\u00f3v\u00e3o.\" src=\"http:\/\/www.paroquiasaocristovao.net\/wp-content\/uploads\/2013\/02\/infancia-loguinho.jpg\" alt=\"Tudo sobre a Inf\u00e2ncia Mission\u00e1ria\" width=\"200\" height=\"102\" \/><\/a><a href=\"http:\/\/www.paroquiasaocristovao.net\/?cat=7\"><img loading=\"lazy\" decoding=\"async\" class=\"alignleft wp-image-9672 size-full\" src=\"http:\/\/www.paroquiasaocristovao.net\/wp-content\/uploads\/2013\/02\/loguinho-catequese.jpg\" alt=\"loguinho catequese\" width=\"200\" height=\"101\" \/><\/a><a href=\"http:\/\/www.paroquiasaocristovao.net\/?page_id=9975\" target=\"_blank\" rel=\"noopener noreferrer\"><img loading=\"lazy\" decoding=\"async\" class=\"alignleft wp-image-10058\" title=\"Jornal de S\u00e3o Crist\u00f3v\u00e3o - Clique e leia!!!!\" src=\"http:\/\/www.paroquiasaocristovao.net\/wp-content\/uploads\/2013\/02\/Jornal.gif\" alt=\"Jornal\" width=\"130\" height=\"98\" \/><\/a><\/p>\n<hr \/>\n<p style=\"text-align: center;\"><a href=\"http:\/\/www.paroquiasaocristovao.net\/?page_id=53\">\u00a0<\/a>\u00a0 \u00a0<a href=\"http:\/\/www.paroquiasaocristovao.net\/?page_id=121\"><img loading=\"lazy\" decoding=\"async\" class=\"alignleft wp-image-10445 size-full\" src=\"http:\/\/www.paroquiasaocristovao.net\/wp-content\/uploads\/2013\/02\/missas.png\" alt=\"missas\" width=\"165\" height=\"51\" \/><img loading=\"lazy\" decoding=\"async\" class=\"alignleft wp-image-10466 size-full\" src=\"http:\/\/www.paroquiasaocristovao.net\/wp-content\/uploads\/2013\/02\/pastorais-e-mov.png\" alt=\"pastorais e mov\" width=\"165\" height=\"51\" \/><\/a> <a href=\"http:\/\/www.paroquiasaocristovao.net\/?page_id=115\"><img loading=\"lazy\" decoding=\"async\" class=\"alignleft wp-image-10446 size-full\" src=\"http:\/\/www.paroquiasaocristovao.net\/wp-content\/uploads\/2013\/02\/secretaria.png\" alt=\"secretaria\" width=\"165\" height=\"51\" \/><\/a><\/p>\n<p><a href=\"http:\/\/www.paroquiasaocristovao.net\/?p=9144\"><img loading=\"lazy\" decoding=\"async\" class=\"aligncenter wp-image-9151\" src=\"http:\/\/www.paroquiasaocristovao.net\/wp-content\/uploads\/2013\/02\/VDBQ3.jpg\" alt=\"VDBQ3\" width=\"548\" height=\"101\" srcset=\"https:\/\/www.paroquiasaocristovao.net\/wp-content\/uploads\/2013\/02\/VDBQ3.jpg 640w, https:\/\/www.paroquiasaocristovao.net\/wp-content\/uploads\/2013\/02\/VDBQ3-300x55.jpg 300w, https:\/\/www.paroquiasaocristovao.net\/wp-content\/uploads\/2013\/02\/VDBQ3-600x110.jpg 600w\" sizes=\"auto, (max-width: 548px) 100vw, 548px\" \/><\/a><code><br \/>\n<\/code><\/p>\n","protected":false},"excerpt":{"rendered":"<p>&nbsp; Hor\u00e1rio das Missas\u00a0(clique aqui) &nbsp; \u00a0\u00a0\u00a0\u00a0\u00a0\u00a0\u00a0\u00a0\u00a0 \u00a0\u00a0 \u00a0<\/p>\n","protected":false},"author":1,"featured_media":16020,"parent":0,"menu_order":0,"comment_status":"closed","ping_status":"closed","template":"","meta":{"footnotes":""},"class_list":["post-19","page","type-page","status-publish","has-post-thumbnail","hentry"],"_links":{"self":[{"href":"https:\/\/www.paroquiasaocristovao.net\/index.php?rest_route=\/wp\/v2\/pages\/19","targetHints":{"allow":["GET"]}}],"collection":[{"href":"https:\/\/www.paroquiasaocristovao.net\/index.php?rest_route=\/wp\/v2\/pages"}],"about":[{"href":"https:\/\/www.paroquiasaocristovao.net\/index.php?rest_route=\/wp\/v2\/types\/page"}],"author":[{"embeddable":true,"href":"https:\/\/www.paroquiasaocristovao.net\/index.php?rest_route=\/wp\/v2\/users\/1"}],"replies":[{"embeddable":true,"href":"https:\/\/www.paroquiasaocristovao.net\/index.php?rest_route=%2Fwp%2Fv2%2Fcomments&post=19"}],"version-history":[{"count":1594,"href":"https:\/\/www.paroquiasaocristovao.net\/index.php?rest_route=\/wp\/v2\/pages\/19\/revisions"}],"predecessor-version":[{"id":16136,"href":"https:\/\/www.paroquiasaocristovao.net\/index.php?rest_route=\/wp\/v2\/pages\/19\/revisions\/16136"}],"wp:featuredmedia":[{"embeddable":true,"href":"https:\/\/www.paroquiasaocristovao.net\/index.php?rest_route=\/wp\/v2\/media\/16020"}],"wp:attachment":[{"href":"https:\/\/www.paroquiasaocristovao.net\/index.php?rest_route=%2Fwp%2Fv2%2Fmedia&parent=19"}],"curies":[{"name":"wp","href":"https:\/\/api.w.org\/{rel}","templated":true}]}}